= -6 + 8. Let l be (3/t)/(4/8). Determine r(l).
-5
Let z = -152994 + 153000. Let v(r) be the first derivative of -1/4*r**4 + 0*r**2 + 2*r**3 - 2*r - 2. Calculate v(z).
-2
Let q(j) be the second derivative of j**4/6 + 11*j**3/3 + j**2/2 - 657*j. What is q(-10)?
-19
Let c(v) = 8*v + 6. Let o(a) = 3*a + 2. Let x(w) = -4*c(w) + 11*o(w). Let u = 77152 - 77145. What is x(u)?
5
Let u(r) = -140*r + 58. Let p(w) = -58*w + 29. Let y(s) = 5*p(s) - 2*u(s). Give y(3).
-1
Let c(n) = 2*n + 3. Let q = -53 + 56. Let b(h) = 4*h**2 - 10*h + 7. Let d(r) = -5*r**2 + 10*r - 8. Let w(f) = q*d(f) + 4*b(f). Let p be w(9). What is c(p)?
-7
Let o = 8000 - 8010. Let u(t) = -7*t - 51. Give u(o).
19
Suppose -4*h = 8, 0*t - 5*t + 40 = -5*h. Suppose 0 = -a + 5*b - 3, -b - 3 - t = 3*a. Let k(o) = o**3 + 4*o**2 + 7*o + 8. Give k(a).
-4
Let b(p) = 5*p + 123. Let t be 62514/(-2265) - (-3 - 0)*(-3)/(-15). Determine b(t).
-12
Let s(z) = -11*z**3 - 29*z**2 + 8*z + 3. Let b(r) = 2*r**3 + 2*r**2 - r + 6. Let d(m) = 5*b(m) + s(m). Calculate d(-19).
-24
Let r(c) = -2*c + 21. Let p be (-304)/(-22) - (60/(-45))/((-44)/(-6)). Determine r(p).
-7
Let v(z) = -z**3 + 6*z**2 - 4*z - 5. Suppose -3*d - 9 = 0, 2*d = 5*q - 2 - 24. Suppose -q*h + 2 = -a - 19, -4*h = 5*a + 9. Calculate v(h).
11
Let q = 12202 + -12226. Let p(t) = t**3 + 23*t**2 - 22*t + 37. Determine p(q).
-11
Let u(x) = -8*x + 1. Let o(v) = 9*v - 1. Let t be -3 + 2*(-18)/12. Let c(n) = t*u(n) - 5*o(n). Let q = 8 + -6. Determine c(q).
5
Let f = -54 + 25. Let c = f + -1. Let i be 10*(-1)/(-4)*48/c. Let o(g) = -g**3 - 4*g**2 - g + 4. Give o(i).
8
Let y(f) be the second derivative of f**4/12 - 7*f**3/6 + 5*f**2/2 - 2478*f. Suppose -a - 3 = r, 4*r = 2*a + 10 + 2. Let u be -8*((-15)/a)/(-5). What is y(u)?
-1
Let n(k) = -k**3 - 4*k**2 + 6*k + 7. Let y = 179 - 176. Let o be y*((-12)/(-9) - 3). What is n(o)?
2
Let c(p) = 271*p + 2435. Let w be c(-9). Let z(v) = -2*v**3 - 8*v**2 - 4*v - 8. Give z(w).
8
Let u(f) = -12*f**2 + 99*f + 2. Let q(i) = 37*i**2 - 273*i - 5. Let c(y) = -4*q(y) - 11*u(y). Give c(1).
-15
Let f(c) = 371 + 361 + 371 - 1094 - c. Determine f(6).
3
Suppose 2*p + 22 = -3*b, -2*b = -14*p + 13*p + 10. Let w(m) = 11*m**2 + 9*m + 9. Determine w(p).
35
Let j = 1008 + -1001. Let t(r) = -r**2 + 5*r + 24. What is t(j)?
10
Let t(n) = 22*n - 2028. Let h(u) = -7*u + 693. Let q(s) = 8*h(s) + 3*t(s). Give q(54).
0
Suppose 10*s = -431 + 311. Let p(g) = 3*g**3 - 27*g**2 + 27*g - 31. Let u(i) = 2*i**3 - 14*i**2 + 14*i - 17. Let b(j) = -3*p(j) + 5*u(j). What is b(s)?
-4
Suppose 3*f + 129 - 169 = 8*f. Let v(s) = s**2 + 7*s + 5. Determine v(f).
13
Let j(m) be the first derivative of 46 - 1/3*m**3 + 0*m + 1/2*m**2. Calculate j(1).
0
Let o(s) = -9*s - 1. Let q(h) be the first derivative of -4*h**2 - 5. Let u(j) = 2*o(j) - 3*q(j). Let c = 35 - 33. Calculate u(c).
10
Let r(g) = -14*g**3. Suppose 3*o - 27 = -3*a, o = -10*a + 13*a - 3. Suppose -5*w = w + o. Give r(w).
14
Suppose 0*p = 4*p - 28. Suppose -p*m - 10 = -2*m. Let v(q) = -q**2 + 7*q - 11. Let c(l) = 2*l - 3. Let b(s) = -3*c(s) + v(s). Give b(m).
-8
Let o = -2 + -1. Let y be 1/o + (-38)/(-6). Let s(n) be the first derivative of n**2/2 + 4*n + 342. Determine s(y).
10
Let f = -1170 + 1171. Let q(a) = -5*a**3 - a**2 + 5*a - 5. Let b(v) = v - 1. Let s = 14 + -13. Let p(g) = s*q(g) - 5*b(g). What is p(f)?
-6
Let b(k) = 5*k**2 - 12*k + 1. Let r(s) be the first derivative of -4*s**3/3 + 11*s**2/2 - s + 140. Let g(j) = -5*b(j) - 6*r(j). Give g(-6).
1
Let g(v) = 7*v + 7. Suppose 0 = 5*i + 5*d - 10, -i - 6 + 17 = -2*d. Suppose 1 = p, -2*p - 30 = i*t - 7*p. Determine g(t).
-28
Let w(q) = 5*q**2 + 63 - q**2 + 8*q - 3*q - q**3 - 64. Let j(p) = -p + 1. Let x(f) = 5*j(f) + w(f). Calculate x(3).
13
Suppose x - 3 - 6 = -2*w, -10*w + 40 = 0. Let b(q) = 3*q**2 + 4*q + 1. Let v(c) = -c**2 - c. Let o(g) = b(g) + 5*v(g). What is o(x)?
-2
Let w(c) = c**2 + 28*c - 251. Let t be (-5)/(2*-2*(-11)/308). Calculate w(t).
-6
Let u be 0 - -5 - (-16 - -18). Let v(l) = l**3 - 3*l + 1. Let h be v(u). Let f(i) = -4*i**2 + 2*i**2 + 3*i**2 - 5 - h*i + 11*i. Give f(9).
4
Let a(j) = 21*j**2 + 1. Let u(d) = d**3 + 1 + 23*d - 4*d - 4*d**2 - 14*d - 2*d**2. Let q be u(5). Give a(q).
22
Let o = -7 - -9. Suppose o*z = -2*u + 18, -u + 4*u + 5 = z. Let x(y) = -z*y + 49 + y**2 - 19 - 25. Give x(4).
-11
Let i(p) = p**2 + 521*p - 2092. Let n be i(4). Let j(o) = -4*o - 39. Calculate j(n).
-71
Let k(r) be the second derivative of -1/20*r**5 + 7*r**2 + 0 + 19/12*r**4 + 28*r - 3*r**3. Calculate k(18).
14
Suppose 0 = 5*f + 2*p - 3 + 54, 45 = -5*f - 5*p. Let a(q) = q. Let h(x) = -5*x - 13. Let k(t) = -4*a(t) - h(t). Calculate k(f).
2
Let n(h) = -3*h**2 + 4*h + 68. Let x(u) = u**2 - 17. Let s(m) = n(m) + 5*x(m). Determine s(-5).
13
Let f(z) = -z**3 + 5*z**2 + 10*z - 5. Suppose -184 + 726 = 132*n - 382. Determine f(n).
-33
Let l(v) = v - 15. Suppose -25 = -2*m - 1. Suppose -5*w - 12 = -2*f + m, 6 = -3*w. Calculate l(f).
-8
Let a(s) = -307*s - 2154. Let w be a(-7). Let l(o) = 2*o**3 + 5*o**2 - 9*o - 11. Determine l(w).
-91
Let t(n) = 4*n**3 + n**2. Let l = 20 - 5. Let g(o) be the second derivative of -o**4/6 + 5*o**3 - o**2/2 + 14*o. Let h be g(l). What is t(h)?
-3
Suppose -14*o + 34*o - 720 = 0. Suppose 0 = -4*q + a + o, a + 4 = q - 5. Let h(w) = -w**2 + 12*w - 22. Determine h(q).
5
Let n(c) = 16*c - 37. Let i(a) = 18*a - 40. Let d(h) = -6*i(h) + 7*n(h). Determine d(6).
5
Let g(y) = -8*y**2 + 28*y + 2. Suppose 0 = 3*j - 0*j + 4*i - 45, -4*j = i - 47. Let u(r) = 3*r**2 - 10*r - 1. Let t(a) = j*u(a) + 4*g(a). Give t(-3).
0
Let d(c) = 7*c + 1. Let v(m) = 29*m + 2. Let q(a) = 18*d(a) - 4*v(a). Determine q(-4).
-30
Let o(k) = -k**3 - 1. Let h(c) = -4*c**3 + c**2 - 3*c - 8. Let l(u) = h(u) - 6*o(u). Let x be (-2)/(-2 - (-15)/9). Let a be (-8)/x*(-12)/(-8). Determine l(a).
-8
Suppose 0 = -14*j - 6 + 46 + 44. Let r(v) be the third derivative of 0 + 0*v - 1/12*v**4 - 3*v**2 - 5/6*v**3 - 1/120*v**j + 1/15*v**5. Determine r(4).
-13
Suppose 1219 = 2*x + b + 1185, -x - 5*b = 10. Let q(s) = -s + 57. Calculate q(x).
37
Let h be (-3)/((-3)/5) + 3. Let i(k) = 60*k**3 - 8*k**2 + 11 - 42*k**3 - 2*k**2 - 17*k**3 - 4*k + 2*k**2. Determine i(h).
-21
Let z(d) = -11*d + 212. Let k(s) = -65*s**2 - 9*s + 20. Let x be k(0). Give z(x).
-8
Let g(t) = 2*t**2 - 9*t + 6. Let v(y) = -4*y**2 - 9*y**2 - 5 - y**2 + 8*y + 13*y**2. Let w(o) = 2*g(o) + 3*v(o). Give w(-5).
-8
Let l be 3/((-81)/33) + (-10)/(-45). Let c(t) = -3*t**3. What is c(l)?
3
Let q(s) = 9*s + 233 - 450 + s + 218. Calculate q(0).
1
Let h(s) = s**3 - 12*s**2 + 11*s + 1. Let m(i) = -74*i + 68. Let r be m(4). Let d = r - -239. Determine h(d).
1
Suppose -29 - 49 = -3*m. Suppose m = 7*u - 9. Let r(z) be the third derivative of z**5/60 - z**4/6 + z**3/6 + 7*z**2. What is r(u)?
6
Let s(n) = -n**3 + 22*n**2 - 22*n + 22. Let z(t) = -2*t**2 - 9*t + 26. Let y be z(-5). Give s(y).
1
Let s(i) = -8*i**2 + 10 - 6*i - 5*i**3 - i**3 + 5*i**3. Let r be (966/(-276))/((-2)/(-4)). Give s(r).
3
Let x(b) = b + 1. Let d(p) be the second derivative of p**4/12 - p**3/2 - p**2/2 - 36*p. Let l(w) = d(w) - 2*x(w). Determine l(6).
3
Suppose -17*q = -57 - 11. Let f(t) = -6 + t**2 + 8 - 3 - 12*t + q*t. Give f(6).
-13
Suppose 83 + 17 = 31*f - 148. Let z(a) = -a**2 + 7*a - 35. Calculate z(f).
-43
Let k be (1 - 5/4) + 203/28. Let y(r) = -r**3 + 8*r**2 - 7*r + 7. Let a be y(k). Let c(w) = w - 4. What is c(a)?
3
Let j = 179 + -173. Let u(o) be the first derivative of 0*o**2 + 16 - 2*o**3 + 1/4*o**4 - 4*o. Give u(j).
-4
Let b(f) = f**2 - 4. Let o(t) = -5*t**2 + 9*t + 9. Let s(q) = 4*b(q) + o(q). Calculate s(3).
11
Let j(n) = n**3 + 5*n**2 + 6*n + 6. Let z(p) = 4*p - 178. Let b be z(44). Calculate j(b).
6
Let z = -154 + 169. Let j(t) = z*t + 3*t**3 + 3*t**2 - 13*t + 5 - 4*t**3. Let c = 13 + -9. What is j(c)?
-3
Let w(c) = -c**3 + 10*c**2 - 8*c - 9. Let i be w(9). Let d(y) be the second derivative of 0 - 5/2*y**2 + 2*y - 1/6*y**3. Determine d(i).
-5
Let j(q) = 24*q - 54. Let t(k) = -6*k + 14. Let l(h) = -4*j(h) - 18*t(h). Let m be l(3). Let p(r) = -r**2 - r - 4. Give p(m).
-4
Let y(w) = -3*w - 15. Suppose 5*g = 24 + 11. Suppose g*k + 154 = 105. Calculate y(k).
6
Let x(w) = -5*w + 23. Let h(l) = -110*l + 520. Let k(b) = 2*h(b) - 45*x(b). Calculate k(-4)